
In base 8, what is 5 + -622564?
-622557
In base 13, what is -7 - -93ab?
93a4
In base 9, what is -23814 - 11?
-23825
In base 15, what is 2e8e + -1?
2e8d
In base 4, what is -1121 - -13300?
12113
In base 8, what is -6 + 72515?
72507
In base 6, what is -1 + -14011?
-14012
In base 3, what is -1112101120 - 0?
-1112101120
In base 5, what is -140 + -143342?
-144032
In base 3, what is 2201211101 + -10?
2201211021
In base 4, what is 3012131320 + 3?
3012131323
In base 2, what is -10111010101110000 - 11?
-10111010101110011
In base 11, what is -3a53 + -1?
-3a54
In base 9, what is 1 - 146821?
-146820
In base 12, what is 29 - -3458?
3485
In base 2, what is 1001 - -1100001011101?
1100001100110
In base 15, what is -490cdb - 1?
-490cdc
In base 11, what is -213 + 3a95?
3882
In base 9, what is 1 + -552717?
-552716
In base 16, what is 4fd6 + -4?
4fd2
In base 8, what is 3 - 20622?
-20617
In base 7, what is -3 + -16450621?
-16450624
In base 14, what is -3 - 2966?
-2969
In base 2, what is 1000111 - 10111010001010?
-10111001000011
In base 16, what is a372 - -d?
a37f
In base 6, what is -1115535 + 42?
-1115453
In base 4, what is 11 - 1312?
-1301
In base 2, what is 100011 + -1100010?
-111111
In base 12, what is -1 - 1b51?
-1b52
In base 16, what is 2f41 - 35?
2f0c
In base 3, what is 12 - -12120012?
12120101
In base 9, what is -5 - -34025?
34020
In base 9, what is -15142 - -8?
-15133
In base 16, what is -2 + -451c?
-451e
In base 6, what is 5 + -2031143?
-2031134
In base 15, what is -c1da + c?
-c1cd
In base 10, what is -85 + -1818?
-1903
In base 16, what is -10 + 26?
16
In base 6, what is -20 - 25422?
-25442
In base 3, what is -1021202020020 - -2?
-1021202020011
In base 15, what is 6a2 - -a?
6ac
In base 13, what is -523 + -6b3?
-c06
In base 11, what is -537 - 57?
-593
In base 5, what is -3 - -20022023?
20022020
In base 8, what is -7204 + -62?
-7266
In base 14, what is 2b2 + -18?
298
In base 12, what is b56a8 - 4?
b56a4
In base 13, what is -51293 + 0?
-51293
In base 15, what is -a7e366 + -1?
-a7e367
In base 3, what is 1220011122 + 11?
1220011210
In base 10, what is 73368 - -3?
73371
In base 6, what is 45 + -1541?
-1452
In base 4, what is -10 - -20010132?
20010122
In base 4, what is 3311 + -10120?
-203
In base 15, what is 730 - -e?
73e
In base 3, what is 102 - -122220101?
122220210
In base 3, what is -201 - -2200210120?
2200202212
In base 2, what is 10010 - 110101011111001111?
-110101011110111101
In base 11, what is -145a - 93?
-1542
In base 13, what is -b529a - 4?
-b52a1
In base 3, what is -101000211220200 - -12?
-101000211220111
In base 9, what is 116411 - -1?
116412
In base 12, what is 5857 + 4?
585b
In base 15, what is 35 + -3013?
-2ecd
In base 2, what is -1 + -10010001101?
-10010001110
In base 11, what is -3829 - 101?
-392a
In base 11, what is 3130a6 - -2?
3130a8
In base 6, what is 42 - -31505?
31551
In base 8, what is -22415 - 75?
-22512
In base 6, what is 10 - -44450?
44500
In base 8, what is -2707 + 202?
-2505
In base 14, what is -2 + -384?
-386
In base 10, what is -91381 - 49?
-91430
In base 9, what is 6282 - 116?
6165
In base 11, what is 34 - 3961?
-3928
In base 7, what is -23 - 22262?
-22315
In base 12, what is 122226 - 4?
122222
In base 5, what is -44101422 + 14?
-44101403
In base 14, what is 20c - -75a?
968
In base 15, what is 2997 + -35?
2962
In base 10, what is 1 + -18961?
-18960
In base 11, what is 7 + -104293?
-104287
In base 4, what is -20020233 + -1032?
-20021331
In base 12, what is 28 - -2b490?
2b4b8
In base 5, what is 3243422402 + 10?
3243422412
In base 9, what is 13451 + -5?
13445
In base 7, what is -11232545 + 4?
-11232541
In base 16, what is -3 + 8433?
8430
In base 8, what is -3037 + 3?
-3034
In base 15, what is -5ec - ca?
-6c7
In base 7, what is -136 + -41450?
-41616
In base 9, what is -700326 + -1?
-700327
In base 10, what is 22356 + -8?
22348
In base 16, what is 79 - 14a2?
-1429
In base 9, what is 51 + -13360?
-13308
In base 15, what is -254 + -11d?
-372
In base 11, what is -40340 - 3?
-40343
In base 7, what is -22461 - 22?
-22513
In base 11, what is -3 + -5645?
-5648
In base 4, what is 1 + -2031300?
-2031233
In base 6, what is 323155 + -2?
323153
In base 9, what is -2 + 227603?
227601
In base 6, what is -3 + -511?
-514
In base 8, what is -52506 - -26?
-52460
In base 3, what is -110011020 + -120?
-110011210
In base 4, what is -113222 - 1001?
-120223
In base 9, what is 4 + 2034405?
2034410
In base 7, what is 1230 - 1556?
-326
In base 12, what is a + 22050?
2205a
In base 9, what is -2 + 207227?
207225
In base 7, what is 11 + -10310?
-10266
In base 15, what is -13 - 26843?
-26856
In base 7, what is 3 - -561211?
561214
In base 14, what is -5 + -1d9b?
-1da2
In base 7, what is 12652 - -65?
13050
In base 14, what is -5 + 41bdd?
41bd8
In base 5, what is 34343 + -3?
34340
In base 7, what is -3205 + 25?
-3150
In base 6, what is -4 + 1344124?
1344120
In base 2, what is 100010000011 + -1111?
100001110100
In base 7, what is -4005 + -64?
-4102
In base 9, what is -514075 + -2?
-514077
In base 9, what is 714 - 606?
107
In base 7, what is -5 + 1223111?
1223103
In base 15, what is -380 - -1e4?
-18b
In base 8, what is 1174 + 701?
2075
In base 6, what is -13311 - 22305?
-40020
In base 3, what is 2111 + -222111?
-220000
In base 15, what is -1 + 689a?
6899
In base 3, what is -102020 + -110200?
-212220
In base 6, what is 5 - 42352?
-42343
In base 5, what is -100420 + 204?
-100211
In base 11, what is 1354a43 - 5?
1354a39
In base 14, what is 6 + 2073?
2079
In base 5, what is 141 + 10441421?
10442112
In base 4, what is -10310 - -2221113?
2210203
In base 16, what is 9 + -f52?
-f49
In base 8, what is -114 + -35723?
-36037
In base 14, what is 26a0 - -97?
2757
In base 10, what is -68 + -121?
-189
In base 12, what is 12 + -42a?
-418
In base 16, what is 23 + -7d76?
-7d53
In base 16, what is -1881 - 62?
-18e3
In base 5, what is -240012 + 42?
-234420
In base 3, what is -2 + -2111022221011?
-2111022221020
In base 6, what is 421455450 - 3?
421455443
In base 13, what is 25 + -26?
-1
In base 2, what is -10001110011 - -1100?
-10001100111
In base 16, what is 40637 + 4?
4063b
In base 8, what is -2344 + -3?
-2347
In base 16, what is -28e - 24?
-2b2
In base 10, what is -68800 + 1?
-68799
In base 2, what is 1100101000100011 - -11?
1100101000100110
In base 7, what is -320131 - 5?
-320136
In base 12, what is -169a17 - 2?
-169a19
In base 10, what is -1 - 167895?
-167896
In base 5, what is -2101 + -40201?
-42302
In base 4, what is 10103 + -221?
3222
In base 4, what is 130223 - 2003?
122220
In base 13, what is -38161 - -4?
-3815a
In base 11, what is -1931 + 3?
-1929
In base 7, what is -1024202 - 16?
-1024221
In base 9, what is -31185 + 37?
-31147
In base 2, what is 100 + 10111010011100?
10111010100000
In base 9, what is -17460 - -56?
-17403
In base 6, what is -1515 - -2020?
101
In base 6, what is -3342 + 554?
-2344
In base 6, what is 5 - 10035522?
-10035513
In base 7, what is -3 + -443024?
-443030
In base 12, what is 1b0b0 - 3?
1b0a9
In base 8, what is -433407 + 4?
-433403
In base 11, what is -3 + -19388?
-19390
In base 13, what is -4a135 - 4?
-4a139
In base 16, what is -4 - 25e1?
-25e5
In base 13, what is -7278 - -16?
-7262
In base 6, what is 2243231 - 3?
2243224
In base 10, what is 58 - -9925?
9983
In base 16, what is 2c4 + -22?
2a2
In base 6, what is 525 - 1142?
-213
In base 6, what is -4435011 - -2?
-4435005
In base 2, what is -10101 - -1011101011111?
1011101001010
In base 11, what is -2 + 4285a?
42858
In base 4, what is 3 + -1203203021?
-1203203012
In base 5, what is 3104302 - -144?
3110001
In base 2, what is -11000100101111 - -100000?
-11000100001111
In base 16, what is 0 + 18fca?
18fca
In base 4, what is 133 + -123210?
-123011
In base 7, what is -413 + -15?
-431
In base 11, what is 45a93 + 5?
45a98
In base 8, what is -16 - 201374?
-201412
In base 2, what is 10100110110000 + -101110?
10100110000010
In base 3, what is -12 - 10000211001020?
-10000211001102
In base 3, what is 20001 + 2020112?
2110120
In base 7, what is 104 - 1022?
-615
In base 15, what is a8 - 12d8?
-1230
In base 14, what is -47 - -5a90?
5a47
In base 11, what is -31891 + -15?
-318a6
In base 6, what is 10321 + -405?
5512
In base 12, what is 45a2 - 3?
459b
In base 4, what is -201121 - -130212?
-10303
In base 2, what is 101 